 v(8). Suppose -4*b + 2*a + 0*a - 28 = 0, 4*b + 8 = -t*a. Let u(l) = -l - 7. Determine u(b).
-2
Let v(c) be the first derivative of -19/2*c**2 + 3/2*c**3 + 0*c - 20 + 1/12*c**4. Let a(u) be the second derivative of v(u). Give a(-6).
-3
Let q(a) = -6*a + 58. Let n be q(8). Let w(b) = -n + b + b + b + 2 + 17. What is w(-4)?
-3
Let x(q) = q**2 + 4*q - 13. Let c be x(3). Let n(b) be the third derivative of 0 + 1/60*b**5 - 7/24*b**4 + 0*b**3 + 0*b - 10*b**2. Determine n(c).
8
Let x(y) = y + y + 8*y**3 + 3*y - 2*y**2 + 0*y**3 - 12*y**3 + 6. Give x(-1).
3
Let h(y) = -13*y + 15. Let g be h(1). Let n(k) = k**2 - 12*k - 11. Let q(b) = -b**2 + 13*b + 10. Let u(c) = g*q(c) + 3*n(c). What is u(12)?
11
Let l(g) = 16*g. Let x(d) = -95*d - 69. Let k(m) = 5*l(m) + x(m). Calculate k(-4).
-9
Let x(q) be the second derivative of q**5/20 + q**4/4 - q**3/6 - 3*q**2/2 - 2*q. Let j be ((-60)/24)/((-85)/(-102)). What is x(j)?
0
Suppose 22 = 4*v + 6. Let j be (-4)/(32/(-10))*v. Suppose -j*i = 33 + 2. Let q(g) = g**3 + 8*g**2 + 8*g + 3. Give q(i).
-4
Suppose 1 = -2*a + 13. Let h(l) = l**2. Suppose 5*u - 10 = -15. Let i(d) = d**3 - 12*d**2 + 5. Let o(v) = u*i(v) - 6*h(v). What is o(a)?
-5
Let a(r) = -18*r**2 + 46*r + 40. Let f(t) = 5*t**2 - 15*t - 13. Let o(z) = -2*a(z) - 7*f(z). What is o(-14)?
25
Suppose o + 45 = 3*u, -180 = -4*u - 2*o - 10*o. Let m(n) = -2*n**2 + 30*n + 100. Give m(u).
-8
Let o(y) = -y**3 + 6*y**2 + y + 2. Suppose 5*r - 6*r - 4*r + 25 = 0. Give o(r).
32
Let y(j) = -j**3 - 5*j**2 - 3*j - 3. Let q be (-63)/18 - (-33)/(-22). What is y(q)?
12
Let b = 11567 - 11575. Let n(w) be the third derivative of -w**4/24 - 11*w**3/6 - 2*w**2. What is n(b)?
-3
Let p be (-6)/(-51) + (-192)/(-102). Let b(h) = h - 1 - 2*h**2 - 2*h - 4*h + h**p. Let r(w) = -w + 4. Let d be r(8). What is b(d)?
3
Let k(n) = n**2 + 34*n + 147. Suppose 5*w = 4*l + 70 + 66, -2*w = -4*l - 124. Determine k(l).
2
Let f(j) = -537 - 588 - j + 1078. Calculate f(-8).
-39
Let g(x) = -28*x - 15. Suppose 21 + 21 = -7*v. Let d(l) = -13*l - 7. Let t(j) = v*g(j) + 13*d(j). Let w = 1 + -2. Determine t(w).
0
Let z(u) = -30*u**3 - 44*u**2 + 3. Let f(b) = -31*b**3 - 59*b**2 + b + 3. Let q(h) = 3*f(h) - 4*z(h). What is q(1)?
26
Let a(g) = -6*g**2 + 69*g - 27. Let p be a(11). Let w(t) = -6*t + 2*t + t - 4*t + 29*t**2 + p*t. Calculate w(1).
28
Suppose 7*o = -o + 408. Let i(p) = p - 55 + 16*p**3 + 105 - 5*p**3 - o. What is i(1)?
11
Let h(c) = 7 + c**3 - 20 - 4180*c**2 - c + 4171*c**2 - 8 - 2*c**3. Calculate h(-9).
-12
Let k = -14 + 15. Let g(m) = -4*m - 20. Let x be g(-6). Let a be 3 + (-2)/k + x. Let p(j) = -j**2 + 4*j - 2. Give p(a).
-7
Let s(t) = 2*t**3 - t**3 + 2 + 3*t**2 + 2 - 3*t. Let y(p) = -31*p - 114. Let o be y(-4). Suppose -5*f + o*f = 5*g, -2*f = -3*g - 4. Determine s(f).
0
Suppose 0 = -3*s - 5*l - 21, 0 = -5*s + 4*l + 321 - 319. Let w(j) be the second derivative of 3*j**5/20 - j**4/12 - j**3/2 - j**2/2 + j. Determine w(s).
-23
Let l(f) = f**2 - f - 20. Let d(w) = 2*w + 14. Let t be d(-9). Let j be (4 + t)/(2 + -1). Suppose 0*i + i = 2*y, -4*i + 4*y = j. Calculate l(i).
-20
Let v(a) = -a**3 - 29*a**2 - 25*a + 89. Let m be v(-28). Suppose 7*q + 5*k = m*q - 13, 2*q + 4 = -2*k. Let j(h) = -6*h**2 - h + 1. Determine j(q).
-6
Let k(d) = 107*d + 68. Let j(q) = 160*q + 127. Let g(y) = -5*j(y) + 7*k(y). Determine g(-3).
-6
Let f = 117 - 32. Let a(j) = -29*j**2 + f*j**2 - 27*j**2 - 21*j**2 - 1. Let k be (0 - 1)*(9 + -8). Calculate a(k).
7
Let u = 39 + -37. Let p be 18/10*(24 + -9). Suppose -m = 2*r + 9, -2*r = u*r - m + p. Let f(j) = -j**3 - 6*j**2. Give f(r).
0
Let r(u) = -6*u**2 + 148*u - 452. Let p(f) = f**2 - 6*f + 2. Let d(z) = 7*p(z) + r(z). Determine d(4).
2
Let a(q) = -346*q + 2072. Let t be a(6). Let c(b) = -7*b - 2. Determine c(t).
26
Let g(d) = -d. Let z be (0 - -4 - 2) + -1. Let p(s) = 1. Let q(u) = z*g(u) + 3*p(u). Let y be 12/28 + (-46)/(-7) + 0. Determine q(y).
-4
Let t be (-24)/(-16)*(-8)/(-6)*-1. Let k(c) be the third derivative of -c**4/6 - c**3/2 + 77*c**2. Determine k(t).
5
Let j(a) = 38*a - 194. Let k(y) = -24*y + 125. Let n(r) = -7*j(r) - 11*k(r). Let g = -10 + -1. Give n(g).
5
Let x(q) = -17*q. Let g be ((-16)/(2 - 10))/(-2). Calculate x(g).
17
Let f(v) = v + 5. Let r(b) = -b**2 + 6*b - 4. Suppose 4 = 5*p - 6. Let t be r(p). Let a be (19/(-17) + 2/17)*t. Determine f(a).
1
Suppose 45 = -1060*h + 1075*h. Let q(v) be the first derivative of -5*v + 20 - 1/2*v**2 + 1/3*v**h. Calculate q(5).
15
Suppose -134 = 24*p - 219 - 395. Let q(a) = -a**2 + 21*a + 11. Calculate q(p).
31
Suppose 3*y - 6*y - 3*j = -30, 0 = -3*y + 3*j. Suppose -20 = 4*h, -20*b - y*h = -22*b + 29. Let q(x) = -18*x - 4. Determine q(b).
-40
Let o(g) = g - 9. Let d(v) = -4*v + 5. Let w(l) = l. Suppose 8*c = 9 + 7. Let q(k) = c*w(k) - d(k). Let x be q(2). Determine o(x).
-2
Let f(b) = -b**2 - b + 28. Let m be (-8 - -2)*22/(1188/45). What is f(m)?
8
Let v(r) = 3*r**2 + 5*r**2 - 70*r**3 - 3*r**2 - 3 + 69*r**3. Suppose 2 = -z, -4*n = -3*n - 2*z - 9. Give v(n).
-3
Let i(k) = 35 + 3*k**2 - 4*k**2 + 50 + 15*k - 73. Suppose -s = -5*y + 72, -2*s - 22 = -4*y + 32. Determine i(y).
12
Let c(w) = -w + 12. Let v = 34356 - 34354. Calculate c(v).
10
Let h(i) = -i**3 - 3*i**2 + 6*i - 6. Let l be h(-5). Let f(b) = -14*b + l*b + 3*b. Determine f(-1).
-3
Let y(x) be the second derivative of -x**5/10 + 5*x**4/12 - x**3/3 + 13*x**2/2 - 277*x - 10. What is y(4)?
-43
Suppose 4*y - y + 5*m = 134, 2*y - 60 = 4*m. Let i be (2 - 0)/(-2*2/y). Let p = i + 17. Let l(h) = h**2 + 4*h + 3. Give l(p).
-1
Let p(n) = n - n**2 - 6 - 3 - 13*n - 7 + 12. What is p(-14)?
-32
Let v(f) be the third derivative of 5*f**4/24 + 3*f**3 + 236*f**2. Determine v(-9).
-27
Let m(g) be the second derivative of g**3/6 - 3*g**2 - 6*g. Let b(p) = p**3 - 8*p**2 - p - 63. Let n be b(9). Calculate m(n).
3
Let p(f) = 11*f - 5 + 9*f + 2*f**2 - 12*f**2 - 18*f. Let w(x) = -12*x**2 + 3*x - 6. Let v(b) = -5*p(b) + 4*w(b). What is v(-1)?
1
Let d(z) = z**3 - 37*z**2 - 78*z + 1. Suppose 0 = 7185*w - 7200*w + 585. Determine d(w).
1
Let l(s) = -9769690*s**3 - s**2 + 3 + 9769691*s**3 - 4. What is l(0)?
-1
Let w be (1 - -1)/(1349/(-76) + 18). Let n(h) = -2*h - 21. Determine n(w).
-37
Let n(z) = -z**3 - 10*z**2 + 2*z + 11. Let c(i) = i**2 + 10*i - 10. Let m be (-4)/(-2) + 72/30*-5. Let h be c(m). Calculate n(h).
-9
Let x(r) = 4*r + 136. Let s be x(-33). Suppose 13 = s*c - 4*h - 15, -9 = -3*c - 3*h. Let t(i) = -4*i + 9. Determine t(c).
-11
Let x(w) = 5*w - 5. Let a(b) = 7*b + 299. Let z be a(-42). Let q be (-13 + 12)/(1/z). Give x(q).
-30
Let u(o) = o**3 + 11*o**2 + 25*o - 16. Let x be u(-7). Let h(k) be the second derivative of -7/2*k**2 + 5/6*k**3 - 1/2*k**4 + 0 + 1/20*k**5 + 7*k. Give h(x).
-7
Let d(j) = 3950 + 8*j - 9*j - 11*j - 4184. Determine d(-19).
-6
Let t be 10*7/2*2/14. Let b(c) = -4*c**2 + 3*c + 1. Let l(x) = 15*x**2 - 8*x + 2. Let j(f) = 4*b(f) + l(f). Determine j(t).
1
Let r(n) be the second derivative of 1/2*n**2 - n - 4/3*n**3 + 0. Suppose -66*s - 12 + 45 = 231. Determine r(s).
25
Let y(g) be the third derivative of -31*g**5/60 - g**3/3 - 2*g**2 + 834. Give y(2).
-126
Let y(c) = -516*c + 213. Let o(t) = -182*t + 71. Let j(s) = 17*o(s) - 6*y(s). Calculate j(-7).
-85
Let x(a) = 9*a - 21. Let j(n) = -26*n + 61. Suppose -31*k + 24*k = 77. Let b(l) = k*x(l) - 4*j(l). Calculate b(5).
12
Let k(s) be the first derivative of -16 - 1/3*s**3 + 37/2*s**2 + 7/24*s**4 + 0*s. Let m(y) be the second derivative of k(y). Determine m(-4).
-30
Suppose 5*s = 11*s + 12*s. Let u(t) = 5*t + 90. Determine u(s).
90
Let n(h) = -2*h - 20. Suppose 56 = -4*p - 4*s, -2*p = 3*s + 22 + 11. Let v be n(p). Let q be (-2)/v*(0 + -1). Let r(t) = t**3 + t. Calculate r(q).
-2
Let h = -96 - -113. Let q = -12 + h. Suppose 9 = 5*y + 4*a - 26, -3*a = -q*y. Let r(u) = u**3 - 2*u**2 - 4. Give r(y).
5
Let a(p) be the second derivative of 0 + 1/2*p**2 - 139*p + 1/20*p**5 + 5/12*p**4 + 1/6*p**3. Let y(n) = 6*n**3 - n. Let m be y(-1). Calculate a(m).
-4
Let v(x) = -x + 7. Let f(d) = -7 - d**3 + 8*d - 25*d + 2*d**3 + 11*d**2 - d. Let a be f(-12). Suppose 0 = 5*j + 5*s - a, 2*s + 2*s - 63 = -5*j. Determine v(j).
-4
Let t = -25821 + 25846. Let n(l) = -2*l**3 + 49*l**2 + 24*l + 34. Determine n(t).
9
Suppose -4*w + 42 = 5*r, -r = 2*w - 1